417. Is m(34) a composite number?
False
Is 8104390/98 + 12/126*12 composite?
False
Suppose 7*y - 154 = 6*y. Suppose 4*u - 490 + y = 0. Let d = 763 - u. Is d a prime number?
False
Suppose 0 = -3*x - 5*n + 37029, -4*n = -11*x + 7*x + 49372. Is x a prime number?
True
Let r be 42/12*-3*(-8)/6. Suppose r*m + 45 = 9*m. Is 392 - (2 + 12/m)*-3 a prime number?
False
Suppose 3*r = -6*r - 5076. Let j = r + 899. Is j prime?
False
Is ((-514258)/(-10) - -5) + -3*(-1)/15 a prime number?
True
Suppose 0 = -17*a - 26135 + 98051 + 165965. Is a a composite number?
True
Let k = 47418 - -17939. Is k a prime number?
True
Let j be 126044/12 - 8 - 8/(-6). Is j - 3 - (-16 - -11) prime?
True
Suppose -3*i + 2 + 55 = 0. Let m = i + -29. Is (-5)/m + (-1369)/(-2) composite?
True
Let d(u) = -79*u + 39. Let w(f) = 40*f - 19. Let z(v) = -2*d(v) - 5*w(v). Suppose -5*l = 47 + 3. Is z(l) composite?
True
Is ((-1968835)/35)/(88/(-616)) a composite number?
True
Let t(a) = 4*a - 6. Let x be t(1). Is 4463/(x + ((-120)/(-28))/2) a composite number?
True
Let q(d) = -7834*d + 8053. Is q(-21) composite?
True
Is (-4693)/(-8 + -5) - -10 composite?
True
Let v(x) be the first derivative of 437*x**2/2 - 40*x + 3. Is v(7) prime?
True
Let a(w) = 1348*w**2 + 50*w + 785. Is a(-13) a prime number?
True
Let y(j) = 10*j**2 + 63*j + 39 + 40*j - 101*j. Is y(-11) a composite number?
True
Suppose -2*o - 385 = 1011. Let d be (1 - 5/20)/((-1)/1588). Let x = o - d. Is x a composite number?
True
Let c(x) = -2*x**2 - 94*x + 675511. Is c(0) prime?
True
Suppose -11 = -2*j + 3*f, -4*j - 4*f + 16 = j. Let s be (-10)/15*-1*318/j. Suppose -469 = -9*u + s. Is u composite?
True
Let b = -26796 + 111437. Is b composite?
True
Let v(u) = -21*u - 5. Let q be v(-1). Let t be (75/(-10))/((-12)/q). Is 2 + t/(-6) - 4732/(-6) a prime number?
False
Let q = -21 + -12. Let t = -39 - q. Is -2*(-901 + t)*3/2 a prime number?
False
Suppose 2587 = 5*p - 98. Let s = -284 + p. Is s prime?
False
Let m(x) = 3498*x**3 - x**2 - x + 5. Suppose 41 + 13 = 27*t. Is m(t) a prime number?
True
Suppose -27*z - 106983 = -28*z - 5*r, 107007 = z + r. Is z prime?
False
Suppose 5*k = -4*s - 1, 3*s + k + 1 = -3*k. Is (2/1 - s)/(1/879) composite?
True
Suppose 33*l = 11*l + 3890950 - 13736. Is l composite?
False
Let t(i) be the second derivative of i**5/20 + i**4/4 + i**3/2 + 3*i**2/2 + 12*i. Let w be t(-3). Is (-2094)/w + 5 + -1 prime?
True
Suppose c + 192 = 7*c. Let h(w) = -1 - 72*w - 7*w - c*w + 3. Is h(-1) composite?
False
Suppose 6*t = -4*t + 5*t. Let n be (6/4 - t)/(15/40). Suppose n*h + 12 = 0, -5*q = -q + h - 1577. Is q a prime number?
False
Suppose -5*y = -4*b - 271223, 26*b - 108478 = -2*y + 29*b. Is y prime?
True
Let v be (-2)/(-7) - 3060/126. Let a = v + 1370. Is a a prime number?
False
Let g be 1/((-3)/(-18)) - (7 + -4). Suppose 3*o = -j - 6, g*j = 4*o - 2*o + 15. Is 148/(-52) - o - (-199746)/78 a prime number?
False
Is (21 + 6)/(-3) - -11 - -36249 a composite number?
False
Suppose 0*s = 14*s - 56. Let f(u) = -3*u**3 + u**2 + 4*u - 7. Let q be f(s). Let r = 850 + q. Is r composite?
False
Let d(k) = -192*k + 2 + 0 - 1 - 3. Let p be d(-1). Suppose 0 = 7*v - 2*v - p. Is v a composite number?
True
Let w = 90764 + -56257. Is w prime?
False
Let o(y) be the third derivative of 7*y**5/30 + 19*y**4/24 - 5*y**3 - 3*y**2 - 6*y. Is o(17) a composite number?
False
Let w(g) = 6*g + 116. Let k be w(-19). Suppose -4033 = -4*a + 3*x, 1101 + 2937 = 4*a + k*x. Is a prime?
True
Is (-330972)/(-48)*(5 + 3) composite?
True
Let d = 16 + -16. Let b(i) = i**3 + i**2 - 21. Let j be b(d). Is (1 + -1796)*j/105 prime?
True
Suppose -2*l = 4*g - 0*g - 22, -3*l = -2*g - 9. Suppose -g*a - 7*b = -2*b + 11, 4*a + b = 8. Suppose -a*c - 556 = -7*c. Is c a composite number?
False
Suppose r + 4*n - 63833 = 0, 0 = 3*r - 17*n + 20*n - 191445. Is r a prime number?
True
Is (-5)/(-3*16/((-459528048)/(-35))) prime?
False
Let r = 999430 + -222879. Is r a composite number?
False
Let p(o) = 3*o**2 + 3*o - 13. Suppose -f + 3*f = 5*q - 34, -f - 21 = -3*q. Suppose -k = 14 - q. Is p(k) prime?
False
Let h be 3 + (-4 - 4) + (-30)/(-3). Suppose -h*o = -5*u + 7620, o + 5572 = 4*u - 521. Is u prime?
True
Let b(d) = -d**2 - 7*d + 1. Let v be b(-6). Let m(r) = 23*r**2 - 5*r + 19. Let s be m(v). Suppose 4*t = 5*t - s. Is t a prime number?
False
Let v(c) = 133*c**3 + 40*c**2 - 369*c - 13. Is v(14) a composite number?
False
Is 347342 + -2 + ((-1)/(-2))/((-18)/(-108)) a prime number?
False
Suppose -12*r = 209 + 295. Is ((-3)/(r/8))/((-16)/(-20552)) a composite number?
True
Suppose g = 6*g - 60. Let k = g - 8. Suppose 2*r + 1035 = k*b + 4329, 0 = -r + 4*b + 1639. Is r composite?
True
Let t be 48/(-16) + 1*5. Suppose b = -0*b - t*b. Is -48 + 366 - (1 + b)/1 a prime number?
True
Let c(b) = -b**2 + 3*b + 4. Let y be (-2)/11 - 54/66. Let q be c(y). Suppose -4*v - 115 + 879 = q. Is v a composite number?
False
Let v(p) = -p**3 + 128. Let q be v(0). Let s = q + -126. Suppose -2012 - 10482 = -s*c. Is c composite?
False
Suppose 2*r - 40 = -6*r. Suppose 4*n - b - 10092 = 0, -1690 = -n + r*b + 833. Suppose -4*l - o = -l - 1894, o = 4*l - n. Is l a prime number?
True
Let j = -47 - -52. Suppose c = -h + 4*h, 3*c = -j*h. Is ((c/(-3))/2)/(-2) + 389 a composite number?
False
Suppose t - 2*b - 993919 = 0, 4*t - 50*b - 3975604 = -51*b. Is t prime?
False
Let g(q) = 2*q**2 + 199 + 180 - 310 + 53*q. Is g(-36) a composite number?
True
Suppose 8*h = 29952 + 17232. Let u = -3895 + h. Is u composite?
False
Suppose 2*i + 2 - 2 = 0. Suppose -4*v + 3 = -2*w + v, i = w + v - 9. Suppose -2*p + w*p - 13924 = 0. Is p composite?
True
Let o be (-18925)/(-225) + (-2)/18. Let g = o - -1457. Is g a prime number?
False
Let b = 1315170 - -68521. Is b prime?
True
Let i = -82 - -86. Suppose p - 16 = -r + 4*r, i*p - 42 = r. Suppose 14*s - 5444 = p*s. Is s composite?
False
Let j = -15 + 77. Suppose 0 = -j*b + 51*b + 113927. Is b a composite number?
False
Suppose -4*x - 4070771 = -3*b, -4*b + 2*x + 6645042 = 1217364. Is b prime?
False
Suppose -1384276 + 3703268 = 16*d. Is d a composite number?
True
Let d(n) = -37 - 47*n**2 + 14*n + 24*n**2 + 79*n**2. Is d(6) a composite number?
False
Let d = 4442413 - 2274908. Is d prime?
False
Suppose -72*k = 76*k - 5516404. Is k composite?
False
Suppose 3*u - 124931 - 7510 = 0. Suppose -4412 - u = -7*f. Is f a prime number?
False
Let t(i) = 7*i + 75. Let b be t(-10). Let n(g) = g**3 + 5*g**2 + 11*g - 51. Is n(b) composite?
True
Let j(p) = 26*p + 1. Let y(o) = -2*o. Let m(x) = -2*j(x) - 10*y(x). Let k(s) = 96*s + 7. Let q(a) = -4*k(a) - 11*m(a). Is q(-4) a composite number?
True
Suppose 4*o + 4772 = -a + 3*a, a - 2 = 0. Let c = -769 - o. Suppose c - 2112 = -3*h. Is h a prime number?
True
Let m(w) = -6*w**2 + 477. Let j(n) = -n**2 + n. Let s(d) = -5*j(d) + m(d). Let f be s(0). Is (-12)/(-4) + 1 + f composite?
True
Let s(i) = -3*i - 23. Let r be s(-11). Suppose -8*k = -13*k - r. Is 1437 + (k/(-4) - (-2)/(-4)) prime?
False
Is -2*(-79)/(20088/2007 + -10) a composite number?
True
Let d(v) = -3241*v - 1705. Is d(-8) prime?
True
Suppose -10 = -5*r, -r - 25802 = 4*n + 2*r. Let o = 12785 + n. Is o prime?
False
Let u(d) = d**2 - 11*d - 40. Let p be u(14). Let v be 2 - (3/(-2))/(5/370). Suppose -o - p*n + 380 + v = 0, 4*o = n + 1999. Is o a composite number?
False
Let o = 14 - -22. Suppose -o*d + 35*d + 720 = 0. Let i = d - 217. Is i a composite number?
False
Is ((-14)/(-28))/(-1 - 617515/(-617510)) prime?
True
Let m be 1 - (-7)/((-28)/(-1984)). Suppose -c + 703 = -4*n, -5*c - m = -3*n - 4012. Is c a composite number?
True
Let g(p) = -p**3 - 4*p**2 + 2*p + 5. Let o be g(-4). Is o/6 + 3/(-6)*-3083 a composite number?
True
Is 2/(-13) + 2244/(-312)*-41918 composite?
False
Let a = 43 - 47. Let n be a - 1/((-2)/6). Is (844/(-4 + 0))/n a composite number?
False
Suppose 2*o - 12 = i - 8, 2*o - 3*i = 0. Suppose 0 = 5*a + 4*m - 2*m - 26, -3*a + 3*m + o = 0. Suppose a*d = -5*d + 14895. Is d a prime number?
False
Suppose 460*v = 456*v + 56. Let b(k) = 608*k + 373. Is b(v) composite?
True
Let i = -175564 - -476681. Is i composite?
True
Suppose 392288 = 10*q + 6*q. Suppose 5080 = 5*i - 3*u - q, -5*i = -5*u - 29600. Is i a prime number?
False
Let x(t) = 2*t + 24. Let q be x(-13). Let f(l) = -1043*l**3 + l**2 + 7*l + 13. Is f(q) a prime